e highest common divisor of 55176 and 1204752?
456
What is the highest common factor of 3736896 and 1248?
96
What is the highest common divisor of 46898200 and 320?
40
What is the greatest common factor of 3732 and 132732312?
3732
Calculate the highest common factor of 3137 and 249.
1
Calculate the greatest common divisor of 4300 and 4974025.
1075
What is the greatest common factor of 493 and 5855242?
17
Calculate the highest common divisor of 1898875 and 9667.
1381
Calculate the highest common factor of 21816 and 314208.
72
Calculate the highest common divisor of 5344004 and 6.
2
Calculate the highest common divisor of 58941 and 63123628.
2183
Calculate the greatest common divisor of 92 and 56437009.
23
What is the highest common divisor of 65 and 592527?
13
What is the highest common divisor of 1284120 and 454720?
1160
What is the highest common divisor of 6135390 and 16650?
90
Calculate the highest common divisor of 8595 and 5895.
45
What is the highest common divisor of 18 and 138926673?
9
What is the highest common factor of 90 and 5947630?
10
What is the greatest common divisor of 274 and 1269926158?
274
What is the greatest common divisor of 6 and 3813198?
6
What is the greatest common divisor of 1464 and 444684?
12
What is the highest common divisor of 180075 and 67215?
15
Calculate the highest common factor of 37524 and 3972.
12
What is the greatest common divisor of 70 and 64140734?
14
Calculate the greatest common divisor of 133063 and 448.
7
Calculate the highest common divisor of 1892 and 2915924.
44
What is the greatest common divisor of 4671550 and 806?
26
Calculate the greatest common factor of 8514086 and 1591.
43
Calculate the highest common factor of 222286320 and 1824.
912
Calculate the greatest common divisor of 312557508 and 5736.
2868
Calculate the highest common divisor of 2109008 and 32384.
4048
What is the greatest common divisor of 36 and 7716360?
12
What is the greatest common factor of 145166 and 4396?
14
What is the greatest common divisor of 42931547 and 646783?
10603
What is the greatest common divisor of 648 and 720420?
12
What is the greatest common factor of 242816748 and 12?
12
Calculate the greatest common divisor of 2006 and 668411.
59
Calculate the greatest common divisor of 2828 and 603744771.
707
What is the greatest common divisor of 171770 and 2022640?
1930
What is the highest common divisor of 126 and 21452193?
63
Calculate the highest common divisor of 546 and 8915712.
78
Calculate the highest common divisor of 162 and 278820.
18
What is the highest common divisor of 6993403 and 13409?
1219
What is the greatest common factor of 267 and 4821862737?
267
Calculate the greatest common divisor of 108 and 5581431.
9
Calculate the highest common divisor of 1646978817 and 319.
319
What is the greatest common divisor of 2434288851 and 2151?
2151
What is the highest common divisor of 234 and 82637087?
13
What is the highest common divisor of 12 and 62698260?
12
What is the greatest common divisor of 29425825 and 32175?
3575
Calculate the greatest common factor of 7221488 and 1552.
16
What is the highest common divisor of 4398 and 192831776?
1466
What is the greatest common divisor of 596394896 and 32?
16
Calculate the greatest common factor of 240108 and 11022.
66
Calculate the greatest common factor of 118 and 133049366.
118
What is the highest common divisor of 119298 and 141954?
354
Calculate the greatest common divisor of 4116 and 83016.
12
Calculate the highest common divisor of 1014520 and 620360.
520
Calculate the highest common factor of 1568 and 1021171760.
784
What is the highest common factor of 6200 and 5070050?
1550
Calculate the highest common divisor of 150016549 and 3061.
3061
Calculate the greatest common factor of 3060134 and 186186.
4774
What is the highest common divisor of 135388527 and 153?
51
What is the greatest common divisor of 20224808 and 313?
313
What is the greatest common factor of 4490 and 13084758?
898
What is the highest common divisor of 1886 and 1921282?
46
What is the greatest common factor of 9073561 and 113?
113
Calculate the greatest common divisor of 458739 and 216.
9
Calculate the highest common factor of 27482 and 1417.
13
What is the highest common factor of 3005816 and 110?
22
What is the highest common divisor of 2472192 and 20646?
666
Calculate the greatest common factor of 640 and 2942656.
64
Calculate the greatest common factor of 2 and 653117.
1
Calculate the highest common divisor of 68229 and 369474.
399
Calculate the highest common factor of 23299164 and 812.
28
What is the highest common factor of 764 and 27531886?
382
What is the greatest common divisor of 16238 and 6729592?
706
What is the highest common divisor of 390264 and 300980?
404
Calculate the greatest common divisor of 9775 and 6766255.
1955
Calculate the highest common factor of 654567 and 3811.
37
Calculate the greatest common factor of 39781283 and 23.
23
Calculate the highest common factor of 344 and 10204932.
172
Calculate the highest common factor of 112531900 and 25.
25
What is the greatest common divisor of 10428564 and 204?
12
Calculate the greatest common factor of 208632421 and 1673.
239
What is the greatest common divisor of 3734460400 and 508?
508
Calculate the greatest common divisor of 11198250 and 17577.
567
What is the highest common factor of 42864388 and 28?
28
Calculate the greatest common divisor of 182118 and 241554.
762
What is the highest common factor of 3013231 and 3627?
403
Calculate the highest common factor of 1833 and 4532163.
141
Calculate the greatest common factor of 36 and 60045684.
12
What is the greatest common divisor of 200637 and 49?
1
Calculate the highest common divisor of 55493 and 7627.
263
What is the highest common factor of 10483572 and 3784?
1892
Calculate the highest common factor of 5191855 and 5.
5
What is the highest common divisor of 9353148 and 420?
84
Calculate the greatest common factor of 35356076 and 7.
7
What is the highest common divisor of 16741188 and 17996?
1636
What is the greatest common factor of 126 and 228983307?
21
Calculate the highest common factor of 32893128 and 264.
24
Calculate the greatest common divisor of 2757188 and 42.
14
What is the highest common factor of 114923 and 140958?
41
What is the highest common factor of 816 and 2863299936?
816
What is the highest common divisor of 14 and 3305420370?
14
What is the greatest common factor of 12 and 270112956?
12
What is the highest common factor of 15422484 and 252?
84
Calculate the highest common factor of 66 and 12222727.
11
Calculate the greatest common divisor of 33071743 and 404.
101
What is the greatest common factor of 133 and 673075?
19
Calculate the highest common divisor of 12550 and 266713855.
1255
Calculate the greatest common factor of 11441780 and 2660.
140
What is the highest common divisor of 252548 and 323?
19
What is the highest common factor of 1674 and 6510434?
62
Calculate the greatest common divisor of 10348805 and 5.
5
Calculate the highest common factor of 3268 and 13034.
38
What is the highest common factor of 702 and 944811?
27
What is the highest common factor of 992 and 223472?
16
What is the greatest common factor of 39944327 and 37183?
1957
Calculate the highest common divisor of 11 and 1171541382.
11
What is the highest common divisor of 160449 and 9722397?
2031
Calculate the highest common factor of 500707 and 176149.
1387
What is the greatest common divisor of 567 and 53148231?
81
Calculate the highest common divisor of 12630 and 1057175205.
6315
What is the highest common factor of 6692 and 132244?
28
Calculate the greatest common factor of 9899494 and 242.
242
What is the greatest common divisor of 37389 and 48098116?
1133
Calculate the greatest common divisor of 946 and 464882.
22
What is the greatest common divisor of 257020 and 190?
10
Calculate the highest common factor of 120557965 and 22.
11
What is the greatest common factor of 72 and 739507716?
36
Calculate the highest common divisor of 394929438 and 19881.
6627
Calculate the highest common divisor of 304694 and 4810.
26
What is the highest common factor of 1616 and 7773061?
101
What is the highest common factor of 15162224 and 4092?
1364
Calculate the highest common divisor o